 + 5*h. Determine y(n).
4
Let x(d) = -26*d - 4*d**3 + 27*d - 11*d**2 + 11*d**2. What is x(-1)?
3
Let h(q) be the first derivative of -q**3/3 + 7*q**2/2 - 2*q - 13. Give h(7).
-2
Let g(j) = 8*j**2 + 11*j - 4*j + 6 - 14*j - j**3. What is g(7)?
6
Let q(z) = -25*z - 34. Let i(a) = -135*a - 170. Let u(x) = -2*i(x) + 11*q(x). What is u(-6)?
-4
Let z = -261 - -268. Let c(u) = u**3 - 8*u**2 + 10*u - 10. Give c(z).
11
Let p(z) = -7*z**3 - z - 1. Let u be p(-1). Let f(s) be the second derivative of s**3/6 - 475*s. Calculate f(u).
7
Let l(z) = 1. Let b(t) = 9*t + 2. Let o(f) = b(f) - 5*l(f). Let q(v) = -18*v + 7. Let i(r) = 5*o(r) + 2*q(r). Calculate i(-1).
-10
Let k(x) = 2*x**2 + 12*x - 10. Let u = 40 - 47. Calculate k(u).
4
Let g(p) = -p**2 + 1. Let u(f) = 0*f**3 + f**3 - 2*f**3 + 4 + 2*f - 1 + 3*f**2. Let m be u(4). Let t be (4/m)/((-6)/(-15)). What is g(t)?
-3
Let b(v) = -2*v + 3. Let a(r) = r + 14. Let k be a(-17). Let s(j) = -2*j + 4. Let t(f) = k*s(f) + 4*b(f). Calculate t(1).
-2
Let z(f) = -22 + 9 - 3*f + 3*f + 3*f + 9. Determine z(2).
2
Let a = -210 + 203. Let k(s) = -s**2 - 7*s + 2. Determine k(a).
2
Let g be (34/(-102) - (-13)/3)/3. Let s(h) be the first derivative of -h - 1/2*h**2 + 1/4*h**4 - g*h**3 - 3. What is s(4)?
-5
Let l(f) = f**3 + 6*f**2 + 4*f - 2. Let d(j) = j**3 - 10*j**2 + 8*j + 5. Let n be d(9). Give l(n).
14
Let o be ((-5)/(-4) - 2)*4. Let u be -1*(0 + 2)*o. Let i(g) = -4*g**2 + g**2 - 3*g**2 + g**3 - 2*g. What is i(u)?
-12
Let l(a) = a**3 + 21*a**2 - 22*a + 3. Let r be l(-22). Let k(j) = 5*j - 4*j**2 - j**3 + j**r - 2*j + 6 - j**3. Calculate k(-4).
-6
Let b(f) be the third derivative of -24*f**2 - 1/12*f**4 + 0*f**5 + 0*f + 0 + 1/2*f**3 + 1/120*f**6. Calculate b(-3).
-18
Let m(d) = d**3 - 12*d**2 + 35*d - 20. Let r be m(8). Let x(o) be the second derivative of o**4/12 - o**3 + o**2 - 3*o. Give x(r).
-6
Let d(o) be the third derivative of -5*o**4/8 + o**3/6 - 6*o**2. Let b = 336 - 335. What is d(b)?
-14
Let o(u) = -2. Let i(n) = -n - 5. Suppose -4*d + 5*k = 0, 2*d + k + 21 = 7. Let g(p) = d*o(p) + 2*i(p). What is g(2)?
-4
Let g(b) be the first derivative of b**4/12 - 4*b**3/3 + 7*b**2/2 + 23*b + 10. Let a(o) be the first derivative of g(o). Determine a(7).
0
Let a(x) be the third derivative of 11/24*x**4 + 0 + 0*x - x**2 - 3*x**3. Let j(u) = 4*u - 6. Let i(b) = 6*a(b) - 17*j(b). Calculate i(-6).
6
Let p be (-309)/(-21) - 6/(-21). Let d(q) = -15*q + p*q + q**3 - 1 - q**2. Let n = -9 + 7. Give d(n).
-13
Let o = -6 - -10. Suppose -35*a = -29*a - 30. Let v(q) = q**2 - 81 + 41 - a*q + 43. Give v(o).
-1
Let q(n) = -n**2 - 4*n. Let l be 7/2 - (-2)/(-4). Let g(i) = 2*i**2 - 3*i**2 + 25 + 2*i + 0*i**2 - 24 - 7*i. Let o(j) = l*q(j) - 2*g(j). Calculate o(-2).
-2
Suppose -4*p = -2*a - 6 - 20, -2*p + 2*a = -16. Suppose p*m - m + 20 = 0. Let u(n) = -6*n + 2. Let f(z) = 5*z - 2. Let s(o) = 4*f(o) + 3*u(o). Calculate s(m).
-12
Let v(c) = 5*c. Suppose -14 = 2*o + 2*z, -9 = -3*o - 5*z - 34. Let m = o - 0. Let s(b) = b**3 + 6*b**2 + 5*b - 1. Let a be s(m). Give v(a).
-5
Let u(c) be the second derivative of 4*c**2 + c + 0 + 1/3*c**3. Let t be u(-4). Let x(g) = -g**2 + g + 7. Calculate x(t).
7
Let h(i) = 30*i**3 - i**2 + 2*i - 2. Let y(b) = 31*b - 185. Let c be y(6). What is h(c)?
29
Let f(u) be the first derivative of -9/2*u**2 + 9*u + 9 + 1/3*u**3. What is f(7)?
-5
Let u(k) be the second derivative of k**3/6 + 3*k**2/2 + 2*k - 41. Determine u(4).
7
Let a(h) = -3*h**2 + h + 1. Let y(v) = v**2 + 4*v + 2. Let t be y(-6). Suppose -4*i - t = -10. Give a(i).
-3
Let u = 46 + -17. Suppose -u = -5*a - 2*x, 6 = -2*x - 0*x. Let s(i) = -i**3 + 7*i**2 - i + 3. What is s(a)?
-4
Let w(y) = -7*y - 1. Let q(p) = -3*p**2 - 2*p + 13. Let z be q(-4). Let t be (2/6)/(9/z). Calculate w(t).
6
Let f(x) = 52*x**2 + 4*x + 6. Let l(m) = 17*m**2 + m + 2. Let h(p) = 2*f(p) - 7*l(p). Let i(b) = -b**2 + 1. Let k(c) = -h(c) - i(c). Determine k(1).
16
Let o(y) = 18*y**3 - 3*y**2 + 5. Let h(u) = -41*u**3 + 5*u**2 - u - 12. Let s(i) = 4*h(i) + 9*o(i). What is s(-2)?
-7
Let m(f) = f**3 + 2*f**2 + 1. Suppose 14*u = 11*u - 3*p + 6, -p = 5*u - 2. Give m(u).
1
Let l(d) = d**2 + 6*d + 6. Let i(h) = -h**2 - 16*h - 60. Let q be i(-5). Give l(q).
1
Suppose -2*a + 4 = -0*a. Suppose -w - 3 = -2*w. Let t(s) = 3*s**3 + s**2 - 9*s + 7. Let j(f) = -2*f**3 + 5*f - 4. Let i(n) = w*t(n) + 5*j(n). What is i(a)?
1
Let c(z) = -2 - 4*z**3 + 2 + z**2. Let i(w) = 9*w - 16. Let x(u) = -5*u + 8. Let f(b) = 4*i(b) + 7*x(b). Let p be f(7). Give c(p).
5
Let z = -1977 - -1967. Let u(n) = n**2 + 15*n + 10. Let q(c) = -c**2 - 14*c - 10. Let o(l) = -4*q(l) - 3*u(l). What is o(z)?
0
Let c = 67 - 27. Let p(d) = 9*d**2 - 34*d**3 - 8 + 75*d**3 + 9*d - c*d**3. What is p(-7)?
27
Let y(j) = 4 - 1 + 2*j - 1. Let f be (-3 - 0)/3 + 20. Let m = f - 23. What is y(m)?
-6
Let k(u) = -u**3 - 5*u**2 - 6*u - 4. Suppose -4*w + 0*w - 3*q + 71 = 0, 4*q = 4. Let p = -21 + w. Give k(p).
4
Let v(x) = -19*x**2 + x + 1. Suppose 2 = 3*t + 5. Determine v(t).
-19
Suppose -3*s + 1 = -2. Let t(r) be the second derivative of 2*r**3/3 - r - 22. What is t(s)?
4
Let t(y) = -1604 - 38*y + 39*y + 1612. What is t(-5)?
3
Let a be 1*(0/(5/(-1)))/1. Let t(x) = x - 27. Give t(a).
-27
Let b(g) = g**3 + 7*g**2 + 9*g + 5. Let k(f) = -9*f**2 + 0*f**2 - 19 + 13 - f**3 - 4*f**2. Let o be k(-13). Determine b(o).
-13
Suppose 3*v + 47 - 59 = 0. Let r(d) = -d + 3. Let k(f) = f + 1. Let m(a) = -2*k(a) + 2*r(a). Give m(v).
-12
Let z(h) = 1 + 3*h + 0*h + 2*h - 3*h. Suppose -32*a = -29*a + 21. Determine z(a).
-13
Suppose -12*r + 1489 - 1657 = 0. Let x(q) = 3*q + 26. Give x(r).
-16
Let w(u) = -3*u**3 - 6*u**2 - u + 2. Let t(k) = 2*k**3 - 5 + 4*k**3 - 8*k**2 + 21*k**2 + k**3 + k. Let m(i) = 2*t(i) + 5*w(i). Give m(-3).
0
Let h(j) = -j + 2. Let b be h(-5). Let u(p) = 13*p**3 + b - 14*p**3 - 4*p**2 - 2*p**2. Suppose -8*k + 6*k - 12 = 0. Give u(k).
7
Let p(l) = -3*l - 7. Suppose 2*k + 8 + 2 = 0, 0 = -s - 2*k - 15. Determine p(s).
8
Suppose 3*y + 3 = n - 9, -4*n - 4*y = 32. Let c(o) = 5*o + 3 - 7 + 4. Determine c(n).
-15
Let c(t) = -t + 3. Let n be c(6). Let b(m) = -1 + 11*m - m**3 + 13*m - 5*m**2 - 3 - 28*m. What is b(n)?
-10
Suppose 0 = -3*x + 2*d - 13, -5*x = -2*x + 3*d + 18. Let m be 2 + 2 + (-1 - -4). Let o(s) = 0*s**2 + m*s**2 + s**3 + 3*s + 12 - 13 - 2*s**2. Determine o(x).
-16
Suppose 0 = 7*r - 8*r + 2. Suppose 0 = -5*u + 2*m, -2*m + 14 = 2*u - 0*u. Let z(g) = -r*g + 3 - 2*g - 6 + g**u. Calculate z(6).
9
Suppose 2*p - 75 = -2*a + 7*p, 2*a - 30 = -4*p. Let w(m) = a + m + 17 + 22 - 67. Suppose u - 3*u + 6 = 0. Determine w(u).
0
Suppose 4*c + 51 = 5*c. Let b = c + -55. Let x(h) = -h**2 - 3*h + 2. Give x(b).
-2
Let q(k) = 0*k - 7*k + 139 - 145. Give q(-5).
29
Suppose 4*q - 4 - 8 = 0. Suppose 2*b + q*b = 10. Let s be ((-22)/55)/(b/(-20)). Let z(x) = x**2 - 5*x + 5. Determine z(s).
1
Let d(l) be the second derivative of l**5/10 - l**4/12 + l**2/2 - 10*l + 18. Let c be -1*(-2 + 1)*-1. Give d(c).
-2
Suppose 4*d - n - 39 = 0, 2*d + 2*n - 6 = -2*n. Let v(r) = -7 - 10 + r + 10. Calculate v(d).
2
Let z(l) = 2*l - 9. Let a(o) be the second derivative of -o**3/3 - 8*o**2 - o. Let w = 762 - 773. Let c be a(w). Give z(c).
3
Let b be 20/(-2)*(-10)/150. Let x(q) be the first derivative of -1/2*q**2 - q + b*q**3 - 12. Give x(-1).
2
Suppose -5*j - 4*h + 90 - 19 = 0, 2*j + 4*h - 38 = 0. Suppose j*l = 7*l + 28. Let x(c) = c**3 - 7*c**2 - 2*c + 9. Give x(l).
-5
Let l(j) be the third derivative of j**6/120 + j**5/12 + j**4/8 - 5*j**3/6 - 393*j**2. Determine l(-4).
-1
Let f(a) be the first derivative of a**4/4 + 2*a**3 - 2*a**2 - 9*a - 28. Suppose 48 = -4*g - 4*g. What is f(g)?
15
Let t(r) be the third derivative of r**6/120 - r**5/6 - 13*r**4/24 + 2*r**3 - 147*r**2. Give t(11).
-10
Let c(s) be the second derivative of -5*s**3/3 + s**2/2 + 70*s. Calculate c(-1).
11
Let p = 130 - 128. Let s(y) = -10 - 8*y + p*y + 2 + 4*y. Calculate s(-6).
4
Suppose 5*j + 25 = -4*l, 2*j - 7*j - l - 25 = 0. Let q(d) = -d + 5. Calculate q(j).
10
Let a(l) = -11*l**3 + 15*l**2 - 15*l. Let x(t) = 5*t**3 - 7*t**2 + 7*t. Let r(j) = 3*j + 11. Let u be r(-8). Let f(k) = u*x(k) - 6*a(k). Determine f(-3).
-15
Let d = 85 + -80. Let p(j) = d*j - 19*j + 7*j - 1 + 0*j. Give p(3).
-22
Let o(s) = s + 9. Let y be 3/4*-1*3